ose 20*f - 16*f = 0. Is 6 a factor of c(f)?
False
Let p(d) = -d**3 - 4*d**2 + 2*d - 4. Is 11 a factor of p(-5)?
True
Let d(m) = m**2 - m + 3. Let r(a) = -a**2 - 5*a + 3. Let s(u) = -u**2 - 5*u + 2. Let i(y) = -4*r(y) + 5*s(y). Let h be i(-2). Is d(h) a multiple of 8?
False
Let t = -5 - 2. Let n(w) = -2*w + w + 9 + 2*w. Is n(t) even?
True
Suppose 3 = i - 9. Is 4 a factor of i?
True
Let a = 0 + -3. Let u = a - -7. Is 2 a factor of u?
True
Let m(v) = 4*v + 12. Does 20 divide m(9)?
False
Suppose -4*c = 3*n - 252, 0 = -c - 2*n - 3 + 61. Is 13 a factor of c?
False
Suppose -36 - 63 = -3*y. Suppose -p = -4*k - y, -165 = -2*p - 2*p + 5*k. Let s = 86 - p. Does 14 divide s?
False
Suppose 0 = -10*t + 25*t - 2355. Does 19 divide t?
False
Let i = -22 + 19. Is 3 a factor of 4 + ((-48)/i)/2?
True
Let s(p) = -p**3 + 7*p**2 + 6*p - 10. Suppose -2*l + 23 + 7 = 4*v, -2 = -2*l + 3*v. Does 12 divide s(l)?
False
Let s(j) be the third derivative of j**5/20 - j**4/12 + j**3/3 - 2*j**2. Is s(5) a multiple of 23?
False
Let o(f) = f**2 + f + 20. Let n be o(0). Let p be n/3 - 2/(-6). Suppose p*b = 3*b + 16. Is 4 a factor of b?
True
Let h = 113 - 66. Suppose -7 = 2*s - h. Is 10 a factor of s?
True
Let n = 1 + -2. Is (9/(-6))/(n/4) a multiple of 6?
True
Let a(f) be the third derivative of 5*f**5/6 - f**4/24 + 8*f**2. Is a(-1) a multiple of 28?
False
Let d(c) = -c**3 + 4*c**2 - 2*c + 1. Let u be d(2). Let f = -1 + u. Is f a multiple of 4?
True
Let h(n) = -n**2 - 16*n - 8. Let i be h(-7). Suppose 7*a - i = 2*a. Is a a multiple of 7?
False
Let y be 2/(-9) - 58/(-18). Suppose y*t - 125 = 8*t. Let i = -15 - t. Is 9 a factor of i?
False
Let f(k) = -2*k**2 - 9*k - 4. Let a be f(-4). Let u(o) = -o + 20. Is 10 a factor of u(a)?
True
Let t(f) = f**3 - 7*f**2 + 11*f - 9. Let v be t(7). Suppose 2*p = -2*p + v. Is 8 a factor of p?
False
Let y = -59 - -91. Suppose -5*u - 126 = -4*m, 4*m + 5*u - y = 114. Let s = m - 20. Is 7 a factor of s?
True
Let f(x) = -x**3 - 9*x**2 - 3*x + 12. Is f(-10) a multiple of 10?
False
Let z = 112 + -48. Is z a multiple of 15?
False
Let b(a) be the second derivative of a**3/2 + 3*a**2/2 - 6*a. Is b(7) a multiple of 24?
True
Let d = -116 + 165. Let v = -19 + d. Is 17 a factor of v?
False
Let t(n) = -n**3 - 3*n**2 - n - 1. Let y be t(-3). Let z be (-3)/(-3) + 52/y. Suppose b + 0*b - z = 0. Does 14 divide b?
False
Let z be 2*1/(2/4). Let s be 16 + 0 - (z + -4). Suppose -k = 3*k - s. Is 3 a factor of k?
False
Suppose -10*a + 7*a + 273 = 0. Suppose 3*j + 7 = a. Is 15 a factor of j?
False
Let q(u) = u**2 + 2*u - 4. Is 4 a factor of q(-4)?
True
Suppose 4 - 14 = -5*s. Suppose -6*r - o + 24 = -3*r, 0 = s*o. Is r a multiple of 8?
True
Let u(i) = 5*i - 5 + 0 + 1 + 1. Does 12 divide u(3)?
True
Let t be (-2)/(0 - (-4)/(-18)). Let y be t/(-12) + (-9)/4. Let u = 1 - y. Does 4 divide u?
True
Let t(j) = j**3 - 6*j**2 + 5*j + 6. Let n = 12 - 7. Is t(n) a multiple of 4?
False
Suppose -4*q + 6 + 11 = 3*j, 2*j = 3*q. Suppose -26 = -g - 0*g + 5*p, -q*p - 153 = -5*g. Suppose 3*z + 3*l = 81, -z - l = -2*l - g. Is z a multiple of 8?
False
Let u(n) = 2*n**3 - 2*n**2 - 3*n + 1. Does 14 divide u(3)?
True
Let h be 4/8 + 27/6. Suppose -4*k + 3*k = 3, -55 = -h*y - 5*k. Is y a multiple of 14?
True
Let y(i) = -i**2 + 12*i - 1. Let b be (-3 + 4)*-1*-8. Is y(b) a multiple of 12?
False
Let a = 38 - 23. Is a a multiple of 4?
False
Suppose 5*h = -3*p + 804, -5*p = -3*h - p + 465. Let s = h - 109. Suppose 4*i + i - s = n, -3*i - 4*n = -53. Does 8 divide i?
False
Suppose -5*n - 173 = 3*j - 481, -4*j + 65 = n. Is n a multiple of 24?
False
Suppose -2*m = -4*r - 4*m - 46, -5*m + 53 = -2*r. Let d = -37 + 15. Let z = r - d. Does 8 divide z?
True
Suppose -q + 15 = 4*q + 2*x, -x + 4 = -q. Let d(n) = -71*n. Let c be d(q). Let a = c + 105. Does 17 divide a?
True
Let w(r) = r + 8. Let o be w(-5). Is 3 a factor of -3 + o + 4 + -1?
True
Let o = -30 - -98. Suppose -o = -i - i. Does 17 divide i?
True
Suppose 2*y + 6 = 0, b + 1 = -0*y - 2*y. Suppose 514 + 144 = 5*r - 2*s, -135 = -r - 3*s. Suppose b*k - f = r, 2*f - 72 = -3*k - f. Is k a multiple of 9?
False
Let q(i) = -i - 1. Let l(v) = 14*v + 4. Let o(g) = -l(g) - 5*q(g). Is o(-2) a multiple of 8?
False
Suppose -o + 13 + 5 = 3*x, 5*x - 13 = 4*o. Suppose -5*g = -3*g. Suppose o*d + 0*d - 51 = g. Is 7 a factor of d?
False
Let z = 12 - 7. Suppose -4*k - 81 = -8*k + x, 0 = k - z*x - 25. Is k a multiple of 7?
False
Suppose -g = -10 - 12. Does 8 divide g?
False
Suppose 0 = -4*a + 741 + 339. Does 18 divide a?
True
Suppose -16 - 2 = 3*t. Let a = t + 12. Is a a multiple of 4?
False
Suppose 15 = 4*f - 1. Suppose 6 = -2*q + f. Does 16 divide (q + (0 - 3))*-4?
True
Let w(x) = 7*x**2 + 4*x + 3. Suppose 1 = -2*r - 3. Does 15 divide w(r)?
False
Suppose -50 = -12*y + 7*y. Is y a multiple of 10?
True
Let z(s) = -3*s + 10*s - s. Is z(2) a multiple of 11?
False
Suppose -37 = l + 63. Does 22 divide (l - -1)/(6/(-4))?
True
Let v(t) = -20*t + 3. Is v(-7) a multiple of 30?
False
Let q(c) = 28*c. Suppose 4*p = 2*p. Suppose p = 4*r - 5*i - 19, -3*r + 5*i = 4*i - 6. Does 14 divide q(r)?
True
Let f(o) = 4*o + 3. Let n(y) = 2*y + 4 + 2*y + 0*y. Let r(j) = -3*f(j) + 2*n(j). Does 3 divide r(-1)?
True
Is 4*2/8 - -3 a multiple of 2?
True
Let u(s) = 4*s - 5 + 2*s**2 - 6 + 8. Does 31 divide u(6)?
True
Suppose -3*l + 57 = -0*l. Suppose 3*s - 31 - l = 2*b, 5*b = -s + 11. Let v = s + -11. Is 2 a factor of v?
False
Let j = -4 + 9. Suppose -2*d + 178 = 2*d - z, -210 = -j*d - 5*z. Suppose 3*p + c - d = 0, -74 = -5*p + c - 2*c. Is 7 a factor of p?
False
Suppose -d = -5*u - 18, 0*d - d - 4*u - 9 = 0. Let c = 2 + d. Is 2 a factor of c?
False
Suppose 0 = 21*s - 26*s + 210. Is 11 a factor of s?
False
Let v be 56/(-24) - (-2)/6. Does 20 divide (-70)/v*36/21?
True
Let x = 201 + 0. Is x a multiple of 21?
False
Let p = 32 - 19. Is 13 a factor of p?
True
Let u be (-3)/2*8/12. Suppose 3*h + 11 = 2. Is (-1)/(h/(-123)*u) a multiple of 17?
False
Let w(k) = -3*k - 9. Let b = 1 + -8. Is 8 a factor of w(b)?
False
Let a = -26 - 8. Let q = a + 70. Let y = q - 12. Is 8 a factor of y?
True
Let k(u) = -u**3 - 8*u**2 - 6*u - 3. Let d be k(-7). Does 11 divide (-326)/d - (-2)/5?
True
Suppose -y - 495 = -4*w + 2*y, 0 = -5*w + 5*y + 625. Does 12 divide w?
True
Let p(s) = -s + 10. Let r be p(7). Suppose 4*j + 2*k = 20, r*j - 3*k - 22 = -k. Is j a multiple of 6?
True
Let s = -16 - -22. Is (-3 - -6)/(s/128) a multiple of 32?
True
Let v(q) = 4*q**2 + q - 1. Does 16 divide v(-3)?
True
Let m = 11 + -6. Suppose -29 = m*b - 114. Is 10 a factor of b?
False
Suppose -113 + 17 = -4*q. Suppose -4*z + 32 = -f + 2*f, -3*z = -5*f - q. Is 8 a factor of z?
True
Let o = 25 - 36. Let h = o + 25. Is 7 a factor of h?
True
Let w = 8 + -17. Let f = w + 6. Let m(j) = -j**3 - j**2 - 2*j. Is 8 a factor of m(f)?
True
Let t = 3 - 0. Suppose 238 = t*v - 2*u, -3*v + 4*u - 180 = -5*v. Is v/6 - (-1)/3 a multiple of 5?
False
Let l = -16 + 23. Suppose 2*s - 13 = l. Does 7 divide s?
False
Suppose 0 = 4*v - 3 - 21. Is 10 a factor of 16/v*15/2?
True
Suppose -5*k = -10*k. Suppose j - 33 = 4*i - 0*i, 2*j - 3*i - 61 = k. Does 11 divide j?
False
Let q(s) = -s**3 - 11*s**2 + 12*s + 14. Let m = -5 + -28. Let b be m/3 + 1/(-1). Is q(b) a multiple of 7?
True
Suppose -3*q = -o - 0*o - 87, 15 = 5*o. Is 10 a factor of q?
True
Suppose -2*v + 4*y + 24 = 0, -v + 22 = 2*y - 6*y. Is 2 a factor of v?
True
Suppose 0 = -3*v - 2*v + 40. Does 2 divide v?
True
Let x be (3/6)/(2/380). Suppose -x = -3*n - 5. Is 11 a factor of n?
False
Let v(a) = 3*a**2 + 4*a + 2. Let w be v(-2). Is 5 a factor of w/8 + (-147)/(-28)?
False
Let q(i) = -i**3 - 7*i**2 - 5*i - 3. Let m be q(-6). Let h(n) = -3*n**3 - 6*n**3 - 9*n - 12 - 5*n - 10*n**2 + 8*n**3. Is h(m) a multiple of 11?
True
Let i(v) = -v**2 + 8*v. Let s be i(8). Let y(t) = s - t + 10 + 13 - 5. Is 4 a factor of y(9)?
False
Let t be 1/(-6) - 78/(-36). Suppose 0 = -0*d - t*d + 16. Is 7 a factor of (-189)/(-28) + 2/d?
True
Let c(d) = d**3 - d**2 - 3*d + 4. Let i be c(3). Let s be (2 - (-6)/(-2))*i. Let l = -5 - s. Does 7 divide l?
False
Let o = -276 + 456. Is o a multiple of 38?
False
Let c = -11 + 1. Let x be (-4)/c*(1 - -4). Does 9 divide (-2 - -1)/(x/(-30))?
False
Let m be -2 - 12*2/3. Let d = -6 - m. Is (3/6)/(d/200) a multiple of 25?
True
S